of 1204?
2, 7, 43
List the prime factors of 22199.
79, 281
List the prime factors of 29477.
7, 4211
List the prime factors of 67964.
2, 13, 1307
What are the prime factors of 86653?
7, 12379
What are the prime factors of 6206?
2, 29, 107
What are the prime factors of 37468?
2, 17, 19, 29
List the prime factors of 1041.
3, 347
List the prime factors of 4236.
2, 3, 353
What are the prime factors of 8024?
2, 17, 59
List the prime factors of 4816.
2, 7, 43
List the prime factors of 481.
13, 37
What are the prime factors of 25332?
2, 3, 2111
List the prime factors of 4109.
7, 587
What are the prime factors of 13427?
29, 463
What are the prime factors of 540?
2, 3, 5
What are the prime factors of 46942?
2, 7, 479
What are the prime factors of 177?
3, 59
What are the prime factors of 41630?
2, 5, 23, 181
List the prime factors of 16433.
16433
List the prime factors of 20038.
2, 43, 233
List the prime factors of 2092.
2, 523
List the prime factors of 8980.
2, 5, 449
List the prime factors of 12522.
2, 3, 2087
What are the prime factors of 37999?
13, 37, 79
What are the prime factors of 27002?
2, 23, 587
List the prime factors of 6475.
5, 7, 37
List the prime factors of 13927.
19, 733
What are the prime factors of 18717?
3, 17, 367
What are the prime factors of 6781?
6781
List the prime factors of 126250.
2, 5, 101
What are the prime factors of 10697?
19, 563
What are the prime factors of 58211?
58211
What are the prime factors of 16290?
2, 3, 5, 181
What are the prime factors of 1093?
1093
What are the prime factors of 8820?
2, 3, 5, 7
List the prime factors of 2914.
2, 31, 47
What are the prime factors of 106665?
3, 5, 13, 547
What are the prime factors of 899?
29, 31
List the prime factors of 28339.
17, 1667
List the prime factors of 809.
809
What are the prime factors of 23751?
3, 7, 13, 29
List the prime factors of 20654.
2, 23, 449
List the prime factors of 29399.
29399
List the prime factors of 984.
2, 3, 41
What are the prime factors of 20524?
2, 7, 733
What are the prime factors of 55238?
2, 71, 389
List the prime factors of 6075.
3, 5
List the prime factors of 7125.
3, 5, 19
List the prime factors of 334.
2, 167
List the prime factors of 68303.
167, 409
What are the prime factors of 30307?
30307
List the prime factors of 20301.
3, 67, 101
What are the prime factors of 5942?
2, 2971
What are the prime factors of 19320?
2, 3, 5, 7, 23
What are the prime factors of 77014?
2, 7, 5501
List the prime factors of 24745.
5, 7, 101
What are the prime factors of 2958?
2, 3, 17, 29
List the prime factors of 2333.
2333
List the prime factors of 3809.
13, 293
What are the prime factors of 12579?
3, 7, 599
List the prime factors of 493.
17, 29
List the prime factors of 244.
2, 61
What are the prime factors of 1775?
5, 71
What are the prime factors of 9603?
3, 11, 97
List the prime factors of 1054.
2, 17, 31
What are the prime factors of 167591?
29, 5779
What are the prime factors of 2503?
2503
List the prime factors of 40552.
2, 37, 137
List the prime factors of 3562.
2, 13, 137
List the prime factors of 4691.
4691
What are the prime factors of 3928?
2, 491
What are the prime factors of 3481?
59
What are the prime factors of 2283?
3, 761
What are the prime factors of 4597?
4597
What are the prime factors of 37940?
2, 5, 7, 271
What are the prime factors of 265?
5, 53
What are the prime factors of 2976?
2, 3, 31
List the prime factors of 30064.
2, 1879
What are the prime factors of 4695?
3, 5, 313
What are the prime factors of 21001?
21001
List the prime factors of 830.
2, 5, 83
What are the prime factors of 4354?
2, 7, 311
List the prime factors of 880.
2, 5, 11
List the prime factors of 2813.
29, 97
List the prime factors of 806.
2, 13, 31
What are the prime factors of 620?
2, 5, 31
List the prime factors of 1538.
2, 769
What are the prime factors of 6059?
73, 83
List the prime factors of 14908.
2, 3727
List the prime factors of 634.
2, 317
List the prime factors of 9885.
3, 5, 659
What are the prime factors of 51958?
2, 83, 313
List the prime factors of 10852.
2, 2713
List the prime factors of 991.
991
What are the prime factors of 2440?
2, 5, 61
List the prime factors of 6135.
3, 5, 409
What are the prime factors of 4508?
2, 7, 23
What are the prime factors of 34136?
2, 17, 251
List the prime factors of 40305.
3, 5, 2687
What are the prime factors of 111830?
2, 5, 53, 211
List the prime factors of 1048.
2, 131
What are the prime factors of 18089?
18089
What are the prime factors of 16216?
2, 2027
List the prime factors of 22652.
2, 7, 809
List the prime factors of 880.
2, 5, 11
List the prime factors of 7716.
2, 3, 643
List the prime factors of 7183.
11, 653
List the prime factors of 39595.
5, 7919
List the prime factors of 130222.
2, 65111
List the prime factors of 19522.
2, 43, 227
What are the prime factors of 2339?
2339
What are the prime factors of 167?
167
List the prime factors of 2920.
2, 5, 73
What are the prime factors of 306?
2, 3, 17
What are the prime factors of 40455?
3, 5, 29, 31
List the prime factors of 43575.
3, 5, 7, 83
What are the prime factors of 1095?
3, 5, 73
What are the prime factors of 7700?
2, 5, 7, 11
What are the prime factors of 60471?
3, 6719
What are the prime factors of 2086?
2, 7, 149
What are the prime factors of 7743?
3, 29, 89
List the prime factors of 811.
811
What are the prime factors of 372?
2, 3, 31
List the prime factors of 251.
251
List the prime factors of 22384.
2, 1399
List the prime factors of 18061.
18061
What are the prime factors of 4535?
5, 907
What are the prime factors of 9972?
2, 3, 277
List the prime factors of 24927.
3, 7, 1187
What are the prime factors of 31128?
2, 3, 1297
What are the prime factors of 1983?
3, 661
List the prime factors of 11749.
31, 379
What are the prime factors of 11730?
2, 3, 5, 17, 23
What are the prime factors of 2817?
3, 313
What are the prime factors of 27452?
2, 6863
List the prime factors of 29896.
2, 37, 101
List the prime factors of 50427.
3, 13, 431
List the prime factors of 25.
5
What are the prime factors of 107798?
2, 53899
What are the prime factors of 22?
2, 11
What are the prime factors of 26120?
2, 5, 653
List the prime factors of 2527.
7, 19
List the prime factors of 5559.
3, 17, 109
List the prime factors of 20830.
2, 5, 2083
List the prime factors of 50565.
3, 5, 3371
List the prime factors of 952.
2, 7, 17
What are the prime factors of 42702?
2, 3, 11, 647
What are the prime factors of 19048?
2, 2381
List the prime factors of 2568.
2, 3, 107
List the prime factors of 1035.
3, 5, 23
What are the prime factors of 6870?
2, 3, 5, 229
What are the prime factors of 213?
3, 71
What are the prime factors of 7702?
2, 3851
What are the prime factors of 2282?
2, 7, 163
List the prime factors of 1417.
13, 109
List the prime factors of 2499.
3, 7, 17
What are the prime factors of 34917?
3, 103, 113
List the prime factors of 832.
2, 13
List the prime factors of 417.
3, 139
List the prime factors of 1763.
41, 43
What are the prime factors of 15466?
2, 11, 19, 37
What are the prime factors of 8479?
61, 139
What are the prime factors of 468?
2, 3, 13
What are the prime factors of 331?
331
List the prime factors of 69249.
3, 41, 563
What are the prime factors of 819?
3, 7, 13
List the prime factors of 32835.
3, 5, 11, 199
List the prime factors of 56587.
71, 797
What are the prime factors of 3572?
2, 19, 47
What are the prime factors of 1737?
3, 193
What are the prime factors of 182281?
11, 73, 227
List the prime factors of 2063.
2063
What are the prime factors of 10771?
10771
What are the prime factors of 18975?
3, 5, 11, 23
What are the prime factors of 10?
2, 5
List the prime factors of 31888.
2, 1993
What are the prime factors of 761?
761
List the prime factors of 1462.
2, 17, 43
What are the prime factors of 315?
3, 5, 7
What are the prime factors of 7647?
3, 2549
What are the prime factors of 84208?
2, 19, 277
What are the prime factors of 1746?
2, 3, 97
What are the prime factors of 8977?
47, 191
List the prime factors of 16820.
2, 5, 29
What are the prime factors of 659?
659
What are the prime factors of 6392?
2, 17, 47
List the prime factors of 727.
727
List the prime factors of 2370.
2, 3, 5, 79
List the prime factors of 4331.
61, 71
What are the prime fact